{"id":2487,"date":"2024-05-15T14:31:00","date_gmt":"2024-05-15T12:31:00","guid":{"rendered":"https:\/\/aucalme-reflexologie.com\/?page_id=2487"},"modified":"2024-05-15T15:05:59","modified_gmt":"2024-05-15T13:05:59","slug":"la-reflexologie-du-sportif","status":"publish","type":"page","link":"https:\/\/aucalme-reflexologie.com\/index.php\/la-reflexologie-du-sportif\/","title":{"rendered":"La r\u00e9flexologie du sportif"},"content":{"rendered":"\n<div style=\"text-align:justify;\">\n\n<table style=\"text-align:justify;\">\n<tr>\n<td width=\"5%\"><\/td>\n<td><p><br \/>Le sportif repousse souvent ses limites et cela a pour effet d\u2019accroitre l\u2019accumulation de toxines dans le corps, ce qui cause fr\u00e9quemment certains maux physiques et physiologiques. \n(cors plantaires, crispations, crampes, troubles digestifs, mauvaises circulations, affaiblissement du syst\u00e8me immunitaire&#8230;).\n<br \/><br \/>Quand on sait que <strong>les pieds sont les r\u00e9cepteurs les plus innerv\u00e9s et les plus sensibles de notre corps avec 7200 terminaisons nerveuses<\/strong>, on comprend que la r\u00e9flexologie peut \u00eatre une grande aide pour les sportifs, que ce soit \u00e0 titre pr\u00e9ventif ou pour soulager des tensions et des douleurs dues \u00e0 la pratique.\n<br \/>La r\u00e9flexologie favorise la capacit\u00e9 naturelle d\u2019autor\u00e9gulation de l\u2019organisme. Elle stimule le syst\u00e8me immunitaire et permet l\u2019\u00e9limination des toxines accumul\u00e9es en entra\u00eenement.  Elle apporte \u00e9galement une relaxation globale, une d\u00e9contraction musculaire ainsi qu\u2019une lib\u00e9ration du mental.\n<\/p><\/td>\n<td width=\"5%\"><\/td>\n<\/tr>\n<\/table>\n\n<table style=\"text-align:justify;\">\n\t<tr>\n\t\t<td width=\"5%\"><\/td>\n\t\t<td><strong><br \/>La r\u00e9flexologie et la pr\u00e9paration physique<\/strong><\/td>\n\t\t<td width=\"5%\"><\/td>\n\t<\/tr>\n\t<tr>\n\t\t<td width=\"5%\"><\/td>\n\t\t<td>La r\u00e9flexologie va permettre un r\u00e9\u00e9quilibrage physiologique gr\u00e2ce notamment \u00e0 la diminution du stress, \u00e0 un meilleur sommeil et une d\u00e9tente musculaire et mentale.<\/td>\n\t\t<td width=\"5%\"><\/td>\n\t<\/tr>\n<\/table>\n\n<table style=\"text-align:justify;\">\n\t<tr>\n\t\t<td width=\"5%\"><\/td>\n\t\t<td><strong><br \/>La r\u00e9flexologie et la r\u00e9cup\u00e9ration physique <\/strong><\/td>\n\t\t<td width=\"5%\"><\/td>\n\t<\/tr>\n\t<tr>\n\t\t<td width=\"5%\"><\/td>\n\t\t<td>Dans les premiers jours qui suivent un \u00e9v\u00e9nement sportif, une s\u00e9ance de r\u00e9flexologie aide \u00e0 r\u00e9elle sensation de d\u00e9tente des zones douloureuses. Cela permet aussi de soulager les maux (dorsalgies, crampes, courbatures\u2026), d\u2019\u00e9liminer les d\u00e9chets et les toxines et de travailler sur l\u2019amplitude cardiaque et respiratoire.<\/td>\n\t\t<td width=\"5%\"><\/td>\n\t<\/tr>\n<\/table>\n\n<table style=\"text-align:justify;\">\n\t<tr>\n\t\t<td width=\"5%\"><\/td>\n\t\t<td><strong><br \/><br \/>Les contre-indications<\/strong><\/td>\t\t\t\n\t\t<td width=\"5%\"><\/td>\n\t<\/tr>\n\t<tr>\n\t\t<td width=\"5%\"><\/td>\n\t\t<td>La r\u00e9flexologie est \u00e0 \u00e9viter pour :\n\t\t<ul>\n\t\t\t<li>Les femmes enceintes lors du premier trimestre<\/li>\n\t\t\t<li>Les personnes souffrant de phl\u00e9bites ou de probl\u00e8mes circulatoires graves ou ayant eu un AVC ou une phl\u00e9bite dans les six derniers mois (demander l&rsquo;avis de votre m\u00e9decin)<\/li>\n\t\t\t<li>Les personnes souffrant de certains cancers tels que les leuc\u00e9mies ou les cancers touchant les ganglions lymphatiques (demander l\u2019avis de votre m\u00e9decin)<\/li>\n\t\t\t<li>Les personnes ayant actuellement une fracture ou une plaie des pieds ou des mains (r\u00e9flexologie plantaire et palamaire)<\/li>\n\t\t\t<li>Les personnes ayant des abc\u00e8s ou des maladies dermatologiques contagieuses sur le visage ou le cuir chevelu (r\u00e9flexologie faciale et cr\u00e2nienne)<\/li>\n\t\t\t<li>Les personnes ayant eu un traumatisme cr\u00e2nien (+ 1 mois sans fracture \/ + 6 mois avec fracture) (r\u00e9flexologie faciale et cr\u00e2nienne)<\/li>\n\t\t\t<li>Les personnes souffrant d&rsquo;une infection grave ou d&rsquo;une maladie s\u2019accompagnant de forte fi\u00e8vre (r\u00e9flexologie faciale et cr\u00e2nienne)<\/li>\n\t\t\t<li>Les personnes ayant une migraine ou tout autre processus inflammatoire touchant la t\u00eate (r\u00e9flexologie faciale et cr\u00e2nienne)<\/li>\n\t\t\t<li>Les personnes souffrant d&rsquo;une d\u00e9pression grave ou de troubles importants d\u2019ordre psychiatrique (r\u00e9flexologie faciale et cr\u00e2nienne)<\/li>\n\t\t\t<li>Les personnes \u00e9pileptiques (r\u00e9flexologie faciale et cr\u00e2nienne)<\/li><\/ul><\/td>\n\t\t<td width=\"5%\"><\/td>\n\t<\/tr>\n<\/table>\n","protected":false},"excerpt":{"rendered":"<p>Le sportif repousse souvent ses<a class=\"read-more\" href=\"https:\/\/aucalme-reflexologie.com\/index.php\/la-reflexologie-du-sportif\/\"> Read More <\/a><\/p>\n","protected":false},"author":1,"featured_media":0,"parent":0,"menu_order":0,"comment_status":"closed","ping_status":"closed","template":"","meta":{"footnotes":""},"class_list":["post-2487","page","type-page","status-publish","hentry"],"yoast_head":"<!-- This site is optimized with the Yoast SEO plugin v20.0 - https:\/\/yoast.com\/wordpress\/plugins\/seo\/ -->\n<title>La r\u00e9flexologie du sportif - Au calme R\u00e9flexologie<\/title>\n<meta name=\"robots\" content=\"index, follow, max-snippet:-1, max-image-preview:large, max-video-preview:-1\" \/>\n<link rel=\"canonical\" href=\"https:\/\/aucalme-reflexologie.com\/index.php\/la-reflexologie-du-sportif\/\" \/>\n<meta property=\"og:locale\" content=\"fr_FR\" \/>\n<meta property=\"og:type\" content=\"article\" \/>\n<meta property=\"og:title\" content=\"La r\u00e9flexologie du sportif - Au calme R\u00e9flexologie\" \/>\n<meta property=\"og:description\" content=\"Le sportif repousse souvent ses Read More\" \/>\n<meta property=\"og:url\" content=\"https:\/\/aucalme-reflexologie.com\/index.php\/la-reflexologie-du-sportif\/\" \/>\n<meta property=\"og:site_name\" content=\"Au calme R\u00e9flexologie\" \/>\n<meta property=\"article:publisher\" content=\"https:\/\/www.facebook.com\/AuCalmeReflexologie\" \/>\n<meta property=\"article:modified_time\" content=\"2024-05-15T13:05:59+00:00\" \/>\n<meta name=\"twitter:card\" content=\"summary_large_image\" \/>\n<meta name=\"twitter:label1\" content=\"Dur\u00e9e de lecture estim\u00e9e\" \/>\n\t<meta name=\"twitter:data1\" content=\"2 minutes\" \/>\n<script type=\"application\/ld+json\" class=\"yoast-schema-graph\">{\"@context\":\"https:\/\/schema.org\",\"@graph\":[{\"@type\":\"WebPage\",\"@id\":\"https:\/\/aucalme-reflexologie.com\/index.php\/la-reflexologie-du-sportif\/\",\"url\":\"https:\/\/aucalme-reflexologie.com\/index.php\/la-reflexologie-du-sportif\/\",\"name\":\"La r\u00e9flexologie du sportif - Au calme R\u00e9flexologie\",\"isPartOf\":{\"@id\":\"https:\/\/aucalme-reflexologie.com\/#website\"},\"datePublished\":\"2024-05-15T12:31:00+00:00\",\"dateModified\":\"2024-05-15T13:05:59+00:00\",\"breadcrumb\":{\"@id\":\"https:\/\/aucalme-reflexologie.com\/index.php\/la-reflexologie-du-sportif\/#breadcrumb\"},\"inLanguage\":\"fr-FR\",\"potentialAction\":[{\"@type\":\"ReadAction\",\"target\":[\"https:\/\/aucalme-reflexologie.com\/index.php\/la-reflexologie-du-sportif\/\"]}]},{\"@type\":\"BreadcrumbList\",\"@id\":\"https:\/\/aucalme-reflexologie.com\/index.php\/la-reflexologie-du-sportif\/#breadcrumb\",\"itemListElement\":[{\"@type\":\"ListItem\",\"position\":1,\"name\":\"Accueil\",\"item\":\"https:\/\/aucalme-reflexologie.com\/\"},{\"@type\":\"ListItem\",\"position\":2,\"name\":\"La r\u00e9flexologie du sportif\"}]},{\"@type\":\"WebSite\",\"@id\":\"https:\/\/aucalme-reflexologie.com\/#website\",\"url\":\"https:\/\/aucalme-reflexologie.com\/\",\"name\":\"Au calme R\u00e9flexologie\",\"description\":\"\",\"publisher\":{\"@id\":\"https:\/\/aucalme-reflexologie.com\/#organization\"},\"potentialAction\":[{\"@type\":\"SearchAction\",\"target\":{\"@type\":\"EntryPoint\",\"urlTemplate\":\"https:\/\/aucalme-reflexologie.com\/?s={search_term_string}\"},\"query-input\":\"required name=search_term_string\"}],\"inLanguage\":\"fr-FR\"},{\"@type\":\"Organization\",\"@id\":\"https:\/\/aucalme-reflexologie.com\/#organization\",\"name\":\"Au calme R\u00e9flexologie\",\"alternateName\":\"Au calme R\u00e9flexologie\",\"url\":\"https:\/\/aucalme-reflexologie.com\/\",\"logo\":{\"@type\":\"ImageObject\",\"inLanguage\":\"fr-FR\",\"@id\":\"https:\/\/aucalme-reflexologie.com\/#\/schema\/logo\/image\/\",\"url\":\"https:\/\/aucalme-reflexologie.com\/wp-content\/uploads\/2022\/04\/logoSite180px.png\",\"contentUrl\":\"https:\/\/aucalme-reflexologie.com\/wp-content\/uploads\/2022\/04\/logoSite180px.png\",\"width\":180,\"height\":182,\"caption\":\"Au calme R\u00e9flexologie\"},\"image\":{\"@id\":\"https:\/\/aucalme-reflexologie.com\/#\/schema\/logo\/image\/\"},\"sameAs\":[\"https:\/\/www.instagram.com\/aucalmereflexologie\/\",\"https:\/\/www.facebook.com\/AuCalmeReflexologie\"]}]}<\/script>\n<!-- \/ Yoast SEO plugin. -->","yoast_head_json":{"title":"La r\u00e9flexologie du sportif - Au calme R\u00e9flexologie","robots":{"index":"index","follow":"follow","max-snippet":"max-snippet:-1","max-image-preview":"max-image-preview:large","max-video-preview":"max-video-preview:-1"},"canonical":"https:\/\/aucalme-reflexologie.com\/index.php\/la-reflexologie-du-sportif\/","og_locale":"fr_FR","og_type":"article","og_title":"La r\u00e9flexologie du sportif - Au calme R\u00e9flexologie","og_description":"Le sportif repousse souvent ses Read More","og_url":"https:\/\/aucalme-reflexologie.com\/index.php\/la-reflexologie-du-sportif\/","og_site_name":"Au calme R\u00e9flexologie","article_publisher":"https:\/\/www.facebook.com\/AuCalmeReflexologie","article_modified_time":"2024-05-15T13:05:59+00:00","twitter_card":"summary_large_image","twitter_misc":{"Dur\u00e9e de lecture estim\u00e9e":"2 minutes"},"schema":{"@context":"https:\/\/schema.org","@graph":[{"@type":"WebPage","@id":"https:\/\/aucalme-reflexologie.com\/index.php\/la-reflexologie-du-sportif\/","url":"https:\/\/aucalme-reflexologie.com\/index.php\/la-reflexologie-du-sportif\/","name":"La r\u00e9flexologie du sportif - Au calme R\u00e9flexologie","isPartOf":{"@id":"https:\/\/aucalme-reflexologie.com\/#website"},"datePublished":"2024-05-15T12:31:00+00:00","dateModified":"2024-05-15T13:05:59+00:00","breadcrumb":{"@id":"https:\/\/aucalme-reflexologie.com\/index.php\/la-reflexologie-du-sportif\/#breadcrumb"},"inLanguage":"fr-FR","potentialAction":[{"@type":"ReadAction","target":["https:\/\/aucalme-reflexologie.com\/index.php\/la-reflexologie-du-sportif\/"]}]},{"@type":"BreadcrumbList","@id":"https:\/\/aucalme-reflexologie.com\/index.php\/la-reflexologie-du-sportif\/#breadcrumb","itemListElement":[{"@type":"ListItem","position":1,"name":"Accueil","item":"https:\/\/aucalme-reflexologie.com\/"},{"@type":"ListItem","position":2,"name":"La r\u00e9flexologie du sportif"}]},{"@type":"WebSite","@id":"https:\/\/aucalme-reflexologie.com\/#website","url":"https:\/\/aucalme-reflexologie.com\/","name":"Au calme R\u00e9flexologie","description":"","publisher":{"@id":"https:\/\/aucalme-reflexologie.com\/#organization"},"potentialAction":[{"@type":"SearchAction","target":{"@type":"EntryPoint","urlTemplate":"https:\/\/aucalme-reflexologie.com\/?s={search_term_string}"},"query-input":"required name=search_term_string"}],"inLanguage":"fr-FR"},{"@type":"Organization","@id":"https:\/\/aucalme-reflexologie.com\/#organization","name":"Au calme R\u00e9flexologie","alternateName":"Au calme R\u00e9flexologie","url":"https:\/\/aucalme-reflexologie.com\/","logo":{"@type":"ImageObject","inLanguage":"fr-FR","@id":"https:\/\/aucalme-reflexologie.com\/#\/schema\/logo\/image\/","url":"https:\/\/aucalme-reflexologie.com\/wp-content\/uploads\/2022\/04\/logoSite180px.png","contentUrl":"https:\/\/aucalme-reflexologie.com\/wp-content\/uploads\/2022\/04\/logoSite180px.png","width":180,"height":182,"caption":"Au calme R\u00e9flexologie"},"image":{"@id":"https:\/\/aucalme-reflexologie.com\/#\/schema\/logo\/image\/"},"sameAs":["https:\/\/www.instagram.com\/aucalmereflexologie\/","https:\/\/www.facebook.com\/AuCalmeReflexologie"]}]}},"_links":{"self":[{"href":"https:\/\/aucalme-reflexologie.com\/index.php\/wp-json\/wp\/v2\/pages\/2487","targetHints":{"allow":["GET"]}}],"collection":[{"href":"https:\/\/aucalme-reflexologie.com\/index.php\/wp-json\/wp\/v2\/pages"}],"about":[{"href":"https:\/\/aucalme-reflexologie.com\/index.php\/wp-json\/wp\/v2\/types\/page"}],"author":[{"embeddable":true,"href":"https:\/\/aucalme-reflexologie.com\/index.php\/wp-json\/wp\/v2\/users\/1"}],"replies":[{"embeddable":true,"href":"https:\/\/aucalme-reflexologie.com\/index.php\/wp-json\/wp\/v2\/comments?post=2487"}],"version-history":[{"count":6,"href":"https:\/\/aucalme-reflexologie.com\/index.php\/wp-json\/wp\/v2\/pages\/2487\/revisions"}],"predecessor-version":[{"id":2506,"href":"https:\/\/aucalme-reflexologie.com\/index.php\/wp-json\/wp\/v2\/pages\/2487\/revisions\/2506"}],"wp:attachment":[{"href":"https:\/\/aucalme-reflexologie.com\/index.php\/wp-json\/wp\/v2\/media?parent=2487"}],"curies":[{"name":"wp","href":"https:\/\/api.w.org\/{rel}","templated":true}]}}

La réflexologie du sportif

<div style="text-align:justify;">

<table style="text-align:justify;">
<tr>
<td width="5%"></td>
<td><p><br />Le sportif repousse souvent ses limites et cela a pour effet d’accroitre l’accumulation de toxines dans le corps, ce qui cause fréquemment certains maux physiques et physiologiques. 
(cors plantaires, crispations, crampes, troubles digestifs, mauvaises circulations, affaiblissement du système immunitaire&#8230;).
<br /><br />Quand on sait que <strong>les pieds sont les récepteurs les plus innervés et les plus sensibles de notre corps avec 7200 terminaisons nerveuses</strong>, on comprend que la réflexologie peut être une grande aide pour les sportifs, que ce soit à titre préventif ou pour soulager des tensions et des douleurs dues à la pratique.
<br />La réflexologie favorise la capacité naturelle d’autorégulation de l’organisme. Elle stimule le système immunitaire et permet l’élimination des toxines accumulées en entraînement.  Elle apporte également une relaxation globale, une décontraction musculaire ainsi qu’une libération du mental.
</p></td>
<td width="5%"></td>
</tr>
</table>

<table style="text-align:justify;">
	<tr>
		<td width="5%"></td>
		<td><strong><br />La réflexologie et la préparation physique</strong></td>
		<td width="5%"></td>
	</tr>
	<tr>
		<td width="5%"></td>
		<td>La réflexologie va permettre un rééquilibrage physiologique grâce notamment à la diminution du stress, à un meilleur sommeil et une détente musculaire et mentale.</td>
		<td width="5%"></td>
	</tr>
</table>

<table style="text-align:justify;">
	<tr>
		<td width="5%"></td>
		<td><strong><br />La réflexologie et la récupération physique </strong></td>
		<td width="5%"></td>
	</tr>
	<tr>
		<td width="5%"></td>
		<td>Dans les premiers jours qui suivent un événement sportif, une séance de réflexologie aide à réelle sensation de détente des zones douloureuses. Cela permet aussi de soulager les maux (dorsalgies, crampes, courbatures…), d’éliminer les déchets et les toxines et de travailler sur l’amplitude cardiaque et respiratoire.</td>
		<td width="5%"></td>
	</tr>
</table>

<table style="text-align:justify;">
	<tr>
		<td width="5%"></td>
		<td><strong><br /><br />Les contre-indications</strong></td>			
		<td width="5%"></td>
	</tr>
	<tr>
		<td width="5%"></td>
		<td>La réflexologie est à éviter pour :
		<ul>
			<li>Les femmes enceintes lors du premier trimestre</li>
			<li>Les personnes souffrant de phlébites ou de problèmes circulatoires graves ou ayant eu un AVC ou une phlébite dans les six derniers mois (demander l&rsquo;avis de votre médecin)</li>
			<li>Les personnes souffrant de certains cancers tels que les leucémies ou les cancers touchant les ganglions lymphatiques (demander l’avis de votre médecin)</li>
			<li>Les personnes ayant actuellement une fracture ou une plaie des pieds ou des mains (réflexologie plantaire et palamaire)</li>
			<li>Les personnes ayant des abcès ou des maladies dermatologiques contagieuses sur le visage ou le cuir chevelu (réflexologie faciale et crânienne)</li>
			<li>Les personnes ayant eu un traumatisme crânien (+ 1 mois sans fracture / + 6 mois avec fracture) (réflexologie faciale et crânienne)</li>
			<li>Les personnes souffrant d&rsquo;une infection grave ou d&rsquo;une maladie s’accompagnant de forte fièvre (réflexologie faciale et crânienne)</li>
			<li>Les personnes ayant une migraine ou tout autre processus inflammatoire touchant la tête (réflexologie faciale et crânienne)</li>
			<li>Les personnes souffrant d&rsquo;une dépression grave ou de troubles importants d’ordre psychiatrique (réflexologie faciale et crânienne)</li>
			<li>Les personnes épileptiques (réflexologie faciale et crânienne)</li></ul></td>
		<td width="5%"></td>
	</tr>
</table>

<!-- This site is optimized with the Yoast SEO plugin v20.0 - https://yoast.com/wordpress/plugins/seo/ -->
<title>La réflexologie du sportif - Au calme Réflexologie</title>
<meta name="robots" content="index, follow, max-snippet:-1, max-image-preview:large, max-video-preview:-1" />
<link rel="canonical" href="https://aucalme-reflexologie.com/index.php/la-reflexologie-du-sportif/" />
<meta property="og:locale" content="fr_FR" />
<meta property="og:type" content="article" />
<meta property="og:title" content="La réflexologie du sportif - Au calme Réflexologie" />
<meta property="og:description" content="Le sportif repousse souvent ses Read More" />
<meta property="og:url" content="https://aucalme-reflexologie.com/index.php/la-reflexologie-du-sportif/" />
<meta property="og:site_name" content="Au calme Réflexologie" />
<meta property="article:publisher" content="https://www.facebook.com/AuCalmeReflexologie" />
<meta property="article:modified_time" content="2024-05-15T13:05:59+00:00" />
<meta name="twitter:card" content="summary_large_image" />
<meta name="twitter:label1" content="Durée de lecture estimée" />
	<meta name="twitter:data1" content="2 minutes" />
<script type="application/ld+json" class="yoast-schema-graph">{"@context":"https://schema.org","@graph":[{"@type":"WebPage","@id":"https://aucalme-reflexologie.com/index.php/la-reflexologie-du-sportif/","url":"https://aucalme-reflexologie.com/index.php/la-reflexologie-du-sportif/","name":"La réflexologie du sportif - Au calme Réflexologie","isPartOf":{"@id":"https://aucalme-reflexologie.com/#website"},"datePublished":"2024-05-15T12:31:00+00:00","dateModified":"2024-05-15T13:05:59+00:00","breadcrumb":{"@id":"https://aucalme-reflexologie.com/index.php/la-reflexologie-du-sportif/#breadcrumb"},"inLanguage":"fr-FR","potentialAction":[{"@type":"ReadAction","target":["https://aucalme-reflexologie.com/index.php/la-reflexologie-du-sportif/"]}]},{"@type":"BreadcrumbList","@id":"https://aucalme-reflexologie.com/index.php/la-reflexologie-du-sportif/#breadcrumb","itemListElement":[{"@type":"ListItem","position":1,"name":"Accueil","item":"https://aucalme-reflexologie.com/"},{"@type":"ListItem","position":2,"name":"La réflexologie du sportif"}]},{"@type":"WebSite","@id":"https://aucalme-reflexologie.com/#website","url":"https://aucalme-reflexologie.com/","name":"Au calme Réflexologie","description":"","publisher":{"@id":"https://aucalme-reflexologie.com/#organization"},"potentialAction":[{"@type":"SearchAction","target":{"@type":"EntryPoint","urlTemplate":"https://aucalme-reflexologie.com/?s={search_term_string}"},"query-input":"required name=search_term_string"}],"inLanguage":"fr-FR"},{"@type":"Organization","@id":"https://aucalme-reflexologie.com/#organization","name":"Au calme Réflexologie","alternateName":"Au calme Réflexologie","url":"https://aucalme-reflexologie.com/","logo":{"@type":"ImageObject","inLanguage":"fr-FR","@id":"https://aucalme-reflexologie.com/#/schema/logo/image/","url":"https://aucalme-reflexologie.com/wp-content/uploads/2022/04/logoSite180px.png","contentUrl":"https://aucalme-reflexologie.com/wp-content/uploads/2022/04/logoSite180px.png","width":180,"height":182,"caption":"Au calme Réflexologie"},"image":{"@id":"https://aucalme-reflexologie.com/#/schema/logo/image/"},"sameAs":["https://www.instagram.com/aucalmereflexologie/","https://www.facebook.com/AuCalmeReflexologie"]}]}</script>
<!-- / Yoast SEO plugin. -->

La réflexologie du sportif - Au calme Réflexologie

Au calme Réflexologie
